{"id":5,"date":"2020-01-13T11:17:52","date_gmt":"2020-01-13T11:17:52","guid":{"rendered":"https:\/\/demosites.io\/web-agency-gb\/?page_id=5"},"modified":"2023-08-01T15:43:24","modified_gmt":"2023-08-01T13:43:24","slug":"15c42-web-agency-gb-home","status":"publish","type":"page","link":"https:\/\/www.ang360.pro\/","title":{"rendered":""},"content":{"rendered":"\n<div class=\"wp-block-cover alignfull\" style=\"min-height:700px;aspect-ratio:unset;\"><span aria-hidden=\"true\" class=\"wp-block-cover__background has-background-dim-0 has-background-dim\"><\/span><img fetchpriority=\"high\" decoding=\"async\" width=\"2560\" height=\"1707\" class=\"wp-block-cover__image-background wp-image-366\" alt=\"\" src=\"http:\/\/www.ang360.pro\/wp-content\/uploads\/2023\/07\/FPSO-scaled.jpg\" data-object-fit=\"cover\" srcset=\"https:\/\/www.ang360.pro\/wp-content\/uploads\/2023\/07\/FPSO-scaled.jpg 2560w, https:\/\/www.ang360.pro\/wp-content\/uploads\/2023\/07\/FPSO-300x200.jpg 300w, https:\/\/www.ang360.pro\/wp-content\/uploads\/2023\/07\/FPSO-1024x683.jpg 1024w, https:\/\/www.ang360.pro\/wp-content\/uploads\/2023\/07\/FPSO-768x512.jpg 768w, https:\/\/www.ang360.pro\/wp-content\/uploads\/2023\/07\/FPSO-1536x1024.jpg 1536w, https:\/\/www.ang360.pro\/wp-content\/uploads\/2023\/07\/FPSO-2048x1365.jpg 2048w, https:\/\/www.ang360.pro\/wp-content\/uploads\/2023\/07\/FPSO-930x620.jpg 930w\" sizes=\"(max-width: 2560px) 100vw, 2560px\" \/><div class=\"wp-block-cover__inner-container is-layout-flow wp-block-cover-is-layout-flow\">\n<div style=\"height:80px\" aria-hidden=\"true\" class=\"wp-block-spacer\"><\/div>\n\n\n\n<h1 class=\"wp-block-heading has-text-align-center has-text-color\" style=\"color:#121212\"><mark style=\"background-color:rgba(0, 0, 0, 0);color:#0c3794\" class=\"has-inline-color\">ANG <\/mark><mark style=\"background-color:rgba(0, 0, 0, 0);color:#b31500\" class=\"has-inline-color\">360<\/mark><\/h1>\n\n\n\n<p class=\"has-text-align-center has-text-color\" style=\"color:#121212;font-size:17px\"><mark style=\"background-color:rgba(0, 0, 0, 0)\" class=\"has-inline-color has-nv-site-bg-color\">ANG 360 est entreprise de contr\u00f4le et d&#8217;inspection bas\u00e9e \u00e0 Port-Gentil au Gabon. <\/mark><br><mark style=\"background-color:rgba(0, 0, 0, 0)\" class=\"has-inline-color has-nv-site-bg-color\">Nous faisons parti du groupe <a rel=\"noreferrer noopener\" href=\"http:\/\/inter360.pro\/\" target=\"_blank\">INTER 360<\/a>. <\/mark><br><mark style=\"background-color:rgba(0, 0, 0, 0)\" class=\"has-inline-color has-nv-site-bg-color\">Un acteur majeur dans le secteur des \u00e9nergies. <\/mark><\/p>\n\n\n\n<div class=\"wp-block-buttons is-horizontal is-content-justification-center is-layout-flex wp-container-core-buttons-is-layout-499968f5 wp-block-buttons-is-layout-flex\">\n<div class=\"wp-block-button is-style-primary\"><a class=\"wp-block-button__link wp-element-button\" href=\"http:\/\/www.ang360.pro\/index.php\/15c42-web-agency-gb-about-us\/\">A PROPOS<\/a><\/div>\n\n\n\n<div class=\"wp-block-button is-style-secondary\"><a class=\"wp-block-button__link wp-element-button\" href=\"http:\/\/www.ang360.pro\/index.php\/15c42-web-agency-gb-contact-us\/\">NOUS CONTACTER<\/a><\/div>\n<\/div>\n\n\n\n<div style=\"height:80px\" aria-hidden=\"true\" class=\"wp-block-spacer\"><\/div>\n\n\n\n<div style=\"height:80px\" aria-hidden=\"true\" class=\"wp-block-spacer\"><\/div>\n<\/div><\/div>\n\n\n\n<div style=\"height:62px\" aria-hidden=\"true\" class=\"wp-block-spacer\"><\/div>\n\n\n\n<div class=\"wp-block-columns is-layout-flex wp-container-core-columns-is-layout-9d6595d7 wp-block-columns-is-layout-flex\">\n<div class=\"wp-block-column is-layout-flow wp-block-column-is-layout-flow\"><div class=\"wp-block-image icon-style is-style-rounded\">\n<figure class=\"aligncenter size-full\"><img decoding=\"async\" width=\"264\" height=\"191\" src=\"http:\/\/www.ang360.pro\/wp-content\/uploads\/2023\/07\/levage.jpg\" alt=\"\" class=\"wp-image-398\" title=\"\"\/><\/figure>\n<\/div>\n\n\n<div style=\"height:10px\" aria-hidden=\"true\" class=\"wp-block-spacer\"><\/div>\n\n\n\n<h3 class=\"wp-block-heading has-text-align-center has-neve-text-color-color has-text-color\">Inspection levage<\/h3>\n\n\n\n<p class=\"has-text-align-left\">ANG 360 propose ses services de certifications d&#8217;accessoires et apparaux de levage. Cela comprends l&#8217;inspection visuelle, le contr\u00f4le et le test en charge.<\/p>\n\n\n\n<div style=\"height:20px\" aria-hidden=\"true\" class=\"wp-block-spacer\"><\/div>\n<\/div>\n\n\n\n<div class=\"wp-block-column is-layout-flow wp-block-column-is-layout-flow\"><div class=\"wp-block-image icon-style is-style-rounded\">\n<figure class=\"aligncenter size-full is-resized\"><img decoding=\"async\" src=\"http:\/\/www.ang360.pro\/wp-content\/uploads\/2023\/07\/Phased-array.jpg\" alt=\"\" class=\"wp-image-382\" width=\"195\" height=\"195\" srcset=\"https:\/\/www.ang360.pro\/wp-content\/uploads\/2023\/07\/Phased-array.jpg 600w, https:\/\/www.ang360.pro\/wp-content\/uploads\/2023\/07\/Phased-array-300x300.jpg 300w, https:\/\/www.ang360.pro\/wp-content\/uploads\/2023\/07\/Phased-array-150x150.jpg 150w\" sizes=\"(max-width: 195px) 100vw, 195px\" \/><\/figure>\n<\/div>\n\n\n<div style=\"height:1px\" aria-hidden=\"true\" class=\"wp-block-spacer\"><\/div>\n\n\n\n<h3 class=\"wp-block-heading has-text-align-center has-neve-text-color-color has-text-color\">CND<\/h3>\n\n\n\n<p class=\"has-text-align-left\">ANG 360 est sp\u00e9cialis\u00e9 dans les contr\u00f4les non destructifs, tel que le ressuage, la magn\u00e9toscopie, la radiographie ou encore les ultrasons. Les inspecteurs sont qualifi\u00e9s COFREND.<\/p>\n\n\n\n<div style=\"height:20px\" aria-hidden=\"true\" class=\"wp-block-spacer\"><\/div>\n<\/div>\n\n\n\n<div class=\"wp-block-column is-layout-flow wp-block-column-is-layout-flow\"><div class=\"wp-block-image icon-style is-style-rounded\">\n<figure class=\"aligncenter size-large is-resized\"><img loading=\"lazy\" decoding=\"async\" src=\"http:\/\/www.ang360.pro\/wp-content\/uploads\/2023\/07\/cordiste-1024x683.jpeg\" alt=\"\" class=\"wp-image-403\" width=\"266\" height=\"177\" srcset=\"https:\/\/www.ang360.pro\/wp-content\/uploads\/2023\/07\/cordiste-1024x683.jpeg 1024w, https:\/\/www.ang360.pro\/wp-content\/uploads\/2023\/07\/cordiste-300x200.jpeg 300w, https:\/\/www.ang360.pro\/wp-content\/uploads\/2023\/07\/cordiste-768x512.jpeg 768w, https:\/\/www.ang360.pro\/wp-content\/uploads\/2023\/07\/cordiste-930x620.jpeg 930w, https:\/\/www.ang360.pro\/wp-content\/uploads\/2023\/07\/cordiste.jpeg 1200w\" sizes=\"(max-width: 266px) 100vw, 266px\" \/><\/figure>\n<\/div>\n\n\n<div style=\"height:20px\" aria-hidden=\"true\" class=\"wp-block-spacer\"><\/div>\n\n\n\n<h3 class=\"wp-block-heading has-text-align-center has-neve-text-color-color has-text-color\">Travaux sur cordes<\/h3>\n\n\n\n<p class=\"has-text-align-left\">Nos \u00e9quipes de professionnels sont qualifi\u00e9s IRATA pour tout type d&#8217;inspections et de contr\u00f4le&nbsp;en grande hauteur.<\/p>\n\n\n\n<div style=\"height:20px\" aria-hidden=\"true\" class=\"wp-block-spacer\"><\/div>\n<\/div>\n<\/div>\n\n\n\n<div style=\"height:80px\" aria-hidden=\"true\" class=\"wp-block-spacer\"><\/div>\n\n\n\n<div class=\"wp-block-cover alignfull\" style=\"min-height:600px;aspect-ratio:unset;\"><span aria-hidden=\"true\" class=\"wp-block-cover__background has-nv-light-bg-background-color has-background-dim-100 has-background-dim\"><\/span><div class=\"wp-block-cover__inner-container is-layout-flow wp-block-cover-is-layout-flow\">\n<div class=\"wp-block-group\"><div class=\"wp-block-group__inner-container is-layout-flow wp-block-group-is-layout-flow\">\n<div style=\"height:80px\" aria-hidden=\"true\" class=\"wp-block-spacer\"><\/div>\n\n\n\n<div class=\"wp-block-columns are-vertically-aligned-center is-layout-flex wp-container-core-columns-is-layout-9d6595d7 wp-block-columns-is-layout-flex\">\n<div class=\"wp-block-column is-vertically-aligned-center is-layout-flow wp-block-column-is-layout-flow\" style=\"flex-basis:50%\">\n<figure class=\"wp-block-image size-large is-resized\"><img loading=\"lazy\" decoding=\"async\" src=\"http:\/\/www.ang360.pro\/wp-content\/uploads\/2023\/07\/Amigo-2-1024x758.png\" alt=\"\" class=\"wp-image-406\" width=\"381\" height=\"282\" srcset=\"https:\/\/www.ang360.pro\/wp-content\/uploads\/2023\/07\/Amigo-2-1024x758.png 1024w, https:\/\/www.ang360.pro\/wp-content\/uploads\/2023\/07\/Amigo-2-300x222.png 300w, https:\/\/www.ang360.pro\/wp-content\/uploads\/2023\/07\/Amigo-2-768x568.png 768w, https:\/\/www.ang360.pro\/wp-content\/uploads\/2023\/07\/Amigo-2.png 1126w\" sizes=\"(max-width: 381px) 100vw, 381px\" \/><\/figure>\n<\/div>\n\n\n\n<div class=\"wp-block-column is-vertically-aligned-center is-layout-flow wp-block-column-is-layout-flow\" style=\"flex-basis:50%\">\n<div style=\"height:20px\" aria-hidden=\"true\" class=\"wp-block-spacer\"><\/div>\n\n\n\n<h4 class=\"wp-block-heading has-text-align-left has-neve-text-color-color has-text-color\">Alternative Current Field Measurement<\/h4>\n\n\n\n<p class=\"has-text-align-left has-neve-text-color-color has-text-color\" style=\"font-size:17px\">La technique ACFM est une m\u00e9thode de contr\u00f4le non destructif bas\u00e9e sur les courants de Foucault, et permettant le contr\u00f4le en fatigue de structures m\u00e9talliques, pour d\u00e9tecter les fissures \u00e9ventuelles. Alternative \u201c\u00e9lectronique\u201d aux m\u00e9thodes de contr\u00f4le visuel (magn\u00e9toscopie et ressuage), elle est plus particuli\u00e8rement destin\u00e9e aux applications de contr\u00f4le dans des environnements difficiles. Ses principaux atouts : une plus grande rapidit\u00e9 de contr\u00f4le et un archivage des donn\u00e9es pour le contr\u00f4le r\u00e9gulier des pi\u00e8ces.<\/p>\n\n\n\n<div class=\"wp-block-buttons is-horizontal is-content-justification-left is-layout-flex wp-container-core-buttons-is-layout-7e5fce0a wp-block-buttons-is-layout-flex\">\n<div class=\"wp-block-button is-style-primary\"><a class=\"wp-block-button__link wp-element-button\" href=\"http:\/\/www.ang360.pro\/wp-content\/uploads\/2023\/08\/Specifications_sheet-Amigo2-01.pdf\" target=\"_blank\" rel=\"noreferrer noopener\">En savoir plus<\/a><\/div>\n<\/div>\n<\/div>\n<\/div>\n\n\n\n<div style=\"height:40px\" aria-hidden=\"true\" class=\"wp-block-spacer\"><\/div>\n<\/div><\/div>\n<\/div><\/div>\n\n\n\n<div class=\"wp-block-cover alignfull is-light\" style=\"min-height:600px;aspect-ratio:unset;\"><span aria-hidden=\"true\" class=\"wp-block-cover__background has-nv-site-bg-background-color has-background-dim\"><\/span><img loading=\"lazy\" decoding=\"async\" width=\"1431\" height=\"1029\" class=\"wp-block-cover__image-background wp-image-438\" alt=\"\" src=\"http:\/\/www.ang360.pro\/wp-content\/uploads\/2023\/07\/corde-1.png\" data-object-fit=\"cover\" srcset=\"https:\/\/www.ang360.pro\/wp-content\/uploads\/2023\/07\/corde-1.png 1431w, https:\/\/www.ang360.pro\/wp-content\/uploads\/2023\/07\/corde-1-300x216.png 300w, https:\/\/www.ang360.pro\/wp-content\/uploads\/2023\/07\/corde-1-1024x736.png 1024w, https:\/\/www.ang360.pro\/wp-content\/uploads\/2023\/07\/corde-1-768x552.png 768w\" sizes=\"(max-width: 1431px) 100vw, 1431px\" \/><div class=\"wp-block-cover__inner-container is-layout-flow wp-block-cover-is-layout-flow\">\n<div class=\"wp-block-group\"><div class=\"wp-block-group__inner-container is-layout-flow wp-block-group-is-layout-flow\">\n<div style=\"height:80px\" aria-hidden=\"true\" class=\"wp-block-spacer\"><\/div>\n\n\n\n<h2 class=\"wp-block-heading alignfull has-text-align-center has-neve-text-color-color has-text-color\">ANG 360, C&#8217;est aussi :<\/h2>\n\n\n\n<div class=\"wp-block-columns is-layout-flex wp-container-core-columns-is-layout-9d6595d7 wp-block-columns-is-layout-flex\">\n<div class=\"wp-block-column is-layout-flow wp-block-column-is-layout-flow\">\n<ul class=\"wp-block-list\">\n<li>Mesure de duret\u00e9<\/li>\n\n\n\n<li>Inspection levage<\/li>\n\n\n\n<li>Inspection soudage<\/li>\n\n\n\n<li>Travaux sur cordes<\/li>\n\n\n\n<li>Formation<\/li>\n\n\n\n<li>Ing\u00e9nierie d\u2019inspection<\/li>\n<\/ul>\n<\/div>\n\n\n\n<div class=\"wp-block-column is-layout-flow wp-block-column-is-layout-flow\">\n<ul class=\"wp-block-list\">\n<li>CND techniques avanc\u00e9es : Phased Array, Contr\u00f4le par TOFD, \u00c9mission acoustique et contr\u00f4le de tubes d&#8217;\u00e9changeur<\/li>\n\n\n\n<li>Formation CND<\/li>\n\n\n\n<li>Formation soudage IWT \/ Technologue international en soudage<\/li>\n\n\n\n<li>Expertises m\u00e9tallurgiques et analyse de d\u00e9faillances<\/li>\n<\/ul>\n<\/div>\n<\/div>\n<\/div><\/div>\n<\/div><\/div>\n\n\n\n<div class=\"wp-block-cover alignfull\" style=\"min-height:600px;aspect-ratio:unset;\"><span aria-hidden=\"true\" class=\"wp-block-cover__background has-nv-dark-bg-background-color has-background-dim-100 has-background-dim\"><\/span><div class=\"wp-block-cover__inner-container is-layout-flow wp-block-cover-is-layout-flow\">\n<div style=\"height:100px\" aria-hidden=\"true\" class=\"wp-block-spacer\"><\/div>\n\n\n\n<h2 class=\"wp-block-heading alignfull has-text-align-center\"><strong>ASSISTANCE TECHNIQUE ET STAFFING<\/strong><\/h2>\n\n\n\n<div class=\"wp-block-group\"><div class=\"wp-block-group__inner-container is-layout-flow wp-block-group-is-layout-flow\">\n<div class=\"wp-block-columns are-vertically-aligned-center is-layout-flex wp-container-core-columns-is-layout-9d6595d7 wp-block-columns-is-layout-flex\">\n<div class=\"wp-block-column is-vertically-aligned-center is-layout-flow wp-block-column-is-layout-flow\" style=\"flex-basis:50%\">\n<figure class=\"wp-block-image size-large\"><img loading=\"lazy\" decoding=\"async\" width=\"1024\" height=\"768\" src=\"http:\/\/www.ang360.pro\/wp-content\/uploads\/2023\/07\/PHOTO-2022-03-30-14-59-15-1024x768.jpg\" alt=\"\" class=\"wp-image-444\" srcset=\"https:\/\/www.ang360.pro\/wp-content\/uploads\/2023\/07\/PHOTO-2022-03-30-14-59-15-1024x768.jpg 1024w, https:\/\/www.ang360.pro\/wp-content\/uploads\/2023\/07\/PHOTO-2022-03-30-14-59-15-300x225.jpg 300w, https:\/\/www.ang360.pro\/wp-content\/uploads\/2023\/07\/PHOTO-2022-03-30-14-59-15-768x576.jpg 768w, https:\/\/www.ang360.pro\/wp-content\/uploads\/2023\/07\/PHOTO-2022-03-30-14-59-15-1536x1152.jpg 1536w, https:\/\/www.ang360.pro\/wp-content\/uploads\/2023\/07\/PHOTO-2022-03-30-14-59-15.jpg 1600w\" sizes=\"(max-width: 1024px) 100vw, 1024px\" \/><\/figure>\n<\/div>\n\n\n\n<div class=\"wp-block-column is-vertically-aligned-center is-layout-flow wp-block-column-is-layout-flow\" style=\"flex-basis:50%\">\n<div style=\"height:40px\" aria-hidden=\"true\" class=\"wp-block-spacer\"><\/div>\n\n\n\n<p>Vous avez <strong>un besoin <\/strong>\u00e0 pourvoir et d\u00e9fini <strong>une fiche de poste:<\/strong><\/p>\n\n\n\n<ul class=\"wp-block-list\">\n<li><strong>ANG360 <\/strong>c\u2019est un r\u00e9seau de professionnels \u00e9voluant sur plus d\u2019une trentaine de m\u00e9tiers.<\/li>\n<\/ul>\n\n\n\n<ul class=\"wp-block-list\">\n<li><strong>ANG360<\/strong> met \u00e0 votre service les comp\u00e9tences du groupe pour identifier le meilleur profil national ou international.<\/li>\n<\/ul>\n\n\n\n<p>Vous avez des demandes sp\u00e9cifiques<br>Vous&nbsp; avez un nouveau march\u00e9 et vous avez besoin de staffer<\/p>\n\n\n\n<p><strong>ANG360 vous apporte son savoir-faire<\/strong> <strong>et son organisation pour porter vos salari\u00e9s.<\/strong><\/p>\n<\/div>\n<\/div>\n\n\n\n<div style=\"height:50px\" aria-hidden=\"true\" class=\"wp-block-spacer\"><\/div>\n<\/div><\/div>\n<\/div><\/div>\n\n\n\n<div class=\"wp-block-cover alignfull\" style=\"min-height:600px;aspect-ratio:unset;\"><span aria-hidden=\"true\" class=\"wp-block-cover__background has-nv-site-bg-background-color has-background-dim-100 has-background-dim\"><\/span><div class=\"wp-block-cover__inner-container is-layout-flow wp-block-cover-is-layout-flow\">\n<div class=\"wp-block-group\"><div class=\"wp-block-group__inner-container is-layout-flow wp-block-group-is-layout-flow\">\n<div style=\"height:80px\" aria-hidden=\"true\" class=\"wp-block-spacer\"><\/div>\n\n\n\n<div style=\"height:20px\" aria-hidden=\"true\" class=\"wp-block-spacer\"><\/div>\n\n\n\n<div class=\"wp-block-columns are-vertically-aligned-center is-layout-flex wp-container-core-columns-is-layout-9d6595d7 wp-block-columns-is-layout-flex\">\n<div class=\"wp-block-column is-vertically-aligned-center is-layout-flow wp-block-column-is-layout-flow\" style=\"flex-basis:50%\">\n<figure class=\"wp-block-image size-large\"><img loading=\"lazy\" decoding=\"async\" width=\"768\" height=\"1024\" src=\"http:\/\/www.ang360.pro\/wp-content\/uploads\/2023\/07\/coree-768x1024.jpg\" alt=\"\" class=\"wp-image-447\" srcset=\"https:\/\/www.ang360.pro\/wp-content\/uploads\/2023\/07\/coree-768x1024.jpg 768w, https:\/\/www.ang360.pro\/wp-content\/uploads\/2023\/07\/coree-225x300.jpg 225w, https:\/\/www.ang360.pro\/wp-content\/uploads\/2023\/07\/coree-1152x1536.jpg 1152w, https:\/\/www.ang360.pro\/wp-content\/uploads\/2023\/07\/coree-rotated.jpg 1224w\" sizes=\"(max-width: 768px) 100vw, 768px\" \/><\/figure>\n\n\n\n<div style=\"height:40px\" aria-hidden=\"true\" class=\"wp-block-spacer\"><\/div>\n<\/div>\n\n\n\n<div class=\"wp-block-column is-vertically-aligned-center is-layout-flow wp-block-column-is-layout-flow\" style=\"flex-basis:50%\">\n<figure class=\"wp-block-image size-large\"><img loading=\"lazy\" decoding=\"async\" width=\"766\" height=\"1024\" src=\"http:\/\/www.ang360.pro\/wp-content\/uploads\/2023\/07\/bardage-766x1024.jpg\" alt=\"\" class=\"wp-image-448\" srcset=\"https:\/\/www.ang360.pro\/wp-content\/uploads\/2023\/07\/bardage-766x1024.jpg 766w, https:\/\/www.ang360.pro\/wp-content\/uploads\/2023\/07\/bardage-225x300.jpg 225w, https:\/\/www.ang360.pro\/wp-content\/uploads\/2023\/07\/bardage-768x1026.jpg 768w, https:\/\/www.ang360.pro\/wp-content\/uploads\/2023\/07\/bardage.jpg 958w\" sizes=\"(max-width: 766px) 100vw, 766px\" \/><\/figure>\n\n\n\n<div style=\"height:40px\" aria-hidden=\"true\" class=\"wp-block-spacer\"><\/div>\n<\/div>\n<\/div>\n\n\n\n<div style=\"height:40px\" aria-hidden=\"true\" class=\"wp-block-spacer\"><\/div>\n<\/div><\/div>\n<\/div><\/div>\n\n\n\n<div class=\"wp-block-cover alignfull\" style=\"min-height:300px;aspect-ratio:unset;\"><span aria-hidden=\"true\" class=\"wp-block-cover__background has-nv-dark-bg-background-color has-background-dim-100 has-background-dim\"><\/span><div class=\"wp-block-cover__inner-container is-layout-flow wp-block-cover-is-layout-flow\">\n<div style=\"height:43px\" aria-hidden=\"true\" class=\"wp-block-spacer\"><\/div>\n\n\n\n<p class=\"has-text-align-center\">Pour toutes questions ou demande d&#8217;informations compl\u00e9mentaires, vous pouvez nous laisser un message en cliquant sur le bouton ci dessous<\/p>\n\n\n\n<div class=\"wp-block-buttons is-horizontal is-content-justification-center is-layout-flex wp-container-core-buttons-is-layout-499968f5 wp-block-buttons-is-layout-flex\">\n<div class=\"wp-block-button is-style-primary\"><a class=\"wp-block-button__link wp-element-button\" href=\"http:\/\/www.ang360.pro\/index.php\/15c42-web-agency-gb-contact-us\/\">CONTACT<\/a><\/div>\n<\/div>\n<\/div><\/div>\n","protected":false},"excerpt":{"rendered":"<p>Inspection levage ANG 360 propose ses services de certifications d&#8217;accessoires et apparaux de levage. Cela comprends l&#8217;inspection visuelle, le contr\u00f4le et le test en charge. CND ANG 360 est sp\u00e9cialis\u00e9 dans les contr\u00f4les non destructifs, tel que le ressuage, la magn\u00e9toscopie, la radiographie ou encore les ultrasons. Les inspecteurs sont qualifi\u00e9s COFREND. Travaux sur cordes&hellip;&nbsp;<a href=\"https:\/\/www.ang360.pro\/\" class=\"\" rel=\"bookmark\">Read More &raquo;<span class=\"screen-reader-text\"><\/span><\/a><\/p>\n","protected":false},"author":1,"featured_media":0,"parent":0,"menu_order":0,"comment_status":"closed","ping_status":"closed","template":"","meta":{"neve_meta_sidebar":"default","neve_meta_container":"default","neve_meta_enable_content_width":"on","neve_meta_content_width":70,"neve_meta_title_alignment":"center","neve_meta_author_avatar":"","neve_post_elements_order":"","neve_meta_disable_header":"","neve_meta_disable_footer":"","neve_meta_disable_title":"on","neve_meta_reading_time":"","_themeisle_gutenberg_block_has_review":false,"_ti_tpc_template_sync":false,"_ti_tpc_template_id":"5udqur826ojgsxrmsxsc","footnotes":""},"class_list":["post-5","page","type-page","status-publish","hentry"],"_links":{"self":[{"href":"https:\/\/www.ang360.pro\/index.php\/wp-json\/wp\/v2\/pages\/5","targetHints":{"allow":["GET"]}}],"collection":[{"href":"https:\/\/www.ang360.pro\/index.php\/wp-json\/wp\/v2\/pages"}],"about":[{"href":"https:\/\/www.ang360.pro\/index.php\/wp-json\/wp\/v2\/types\/page"}],"author":[{"embeddable":true,"href":"https:\/\/www.ang360.pro\/index.php\/wp-json\/wp\/v2\/users\/1"}],"replies":[{"embeddable":true,"href":"https:\/\/www.ang360.pro\/index.php\/wp-json\/wp\/v2\/comments?post=5"}],"version-history":[{"count":35,"href":"https:\/\/www.ang360.pro\/index.php\/wp-json\/wp\/v2\/pages\/5\/revisions"}],"predecessor-version":[{"id":482,"href":"https:\/\/www.ang360.pro\/index.php\/wp-json\/wp\/v2\/pages\/5\/revisions\/482"}],"wp:attachment":[{"href":"https:\/\/www.ang360.pro\/index.php\/wp-json\/wp\/v2\/media?parent=5"}],"curies":[{"name":"wp","href":"https:\/\/api.w.org\/{rel}","templated":true}]}}